{"id":103,"date":"2021-05-19T21:55:45","date_gmt":"2021-05-19T19:55:45","guid":{"rendered":"http:\/\/partybaren.mynetgear.com\/ms\/?page_id=103"},"modified":"2021-05-19T22:48:12","modified_gmt":"2021-05-19T20:48:12","slug":"logga-in","status":"publish","type":"page","link":"http:\/\/partybaren.mynetgear.com\/mattiassvenzon\/?page_id=103","title":{"rendered":"Logga In"},"content":{"rendered":"\n<p class=\"has-text-align-center\">Trevligt att Ni vill bes\u00f6ka och uppleva min hemsida, det \u00e4r mycket uppskattat. Dock m\u00e5ste man vara inloggad f\u00f6r att kunna ta del av dess sp\u00e4nnande inneh\u00e5ll. Anv\u00e4nd de inloggningsuppgifter som Ni f\u00e5tt f\u00f6r att logga in.<\/p>\n\n\n\r\n<div class=\"um um-login um-94\">\r\n\r\n\t<div class=\"um-form\">\r\n\r\n\t\t<form method=\"post\" action=\"\" autocomplete=\"off\">\r\n\r\n\t\t\t<div class=\"um-row _um_row_1 \" style=\"margin: 0 0 30px 0;\"><div class=\"um-col-1\"><div  id=\"um_field_94_username\" class=\"um-field um-field-text  um-field-username um-field-text um-field-type_text\" data-key=\"username\"><div class=\"um-field-label\"><label for=\"username-94\">Anv\u00e4ndarnamn eller e-postadress:<\/label><div class=\"um-clear\"><\/div><\/div><div class=\"um-field-area\"><input  autocomplete=\"off\" class=\"um-form-field valid \" type=\"text\" name=\"username-94\" id=\"username-94\" value=\"\" placeholder=\"\" data-validate=\"unique_username_or_email\" data-key=\"username\" \/>\r\n\r\n\t\t\t\t\t\t<\/div><\/div><div  id=\"um_field_94_user_password\" class=\"um-field um-field-password  um-field-user_password um-field-password um-field-type_password\" data-key=\"user_password\"><div class=\"um-field-label\"><label for=\"user_password-94\">L\u00f6senord:<\/label><div class=\"um-clear\"><\/div><\/div><div class=\"um-field-area\"><input class=\"um-form-field valid \" type=\"password\" name=\"user_password-94\" id=\"user_password-94\" value=\"\" placeholder=\"\" data-validate=\"\" data-key=\"user_password\" \/>\r\n\r\n\t\t\t\t\t\t<\/div><\/div><\/div><\/div>\t\t<input type=\"hidden\" name=\"form_id\" id=\"form_id_94\" value=\"94\" \/>\r\n\t\r\n\t<p class=\"um_request_name\">\r\n\t\t<label for=\"um_request_94\">Only fill in if you are not human<\/label>\r\n\t\t<input type=\"hidden\" name=\"um_request\" id=\"um_request_94\" class=\"input\" value=\"\" size=\"25\" autocomplete=\"off\" \/>\r\n\t<\/p>\r\n\r\n\t<input type=\"hidden\" id=\"_wpnonce\" name=\"_wpnonce\" value=\"bfb60ae2c6\" \/><input type=\"hidden\" name=\"_wp_http_referer\" value=\"\/mattiassvenzon\/index.php?rest_route=%2Fwp%2Fv2%2Fpages%2F103\" \/>\r\n\t<div class=\"um-col-alt\">\r\n\r\n\t\t\r\n\t\t\t<div class=\"um-center\">\r\n\t\t\t\t<input type=\"submit\" value=\"LOGGA IN\" class=\"um-button\" id=\"um-submit-btn\" \/>\r\n\t\t\t<\/div>\r\n\r\n\t\t\r\n\t\t<div class=\"um-clear\"><\/div>\r\n\r\n\t<\/div>\r\n\r\n\t\r\n\t\t<\/form>\r\n\r\n\t<\/div>\r\n\r\n<\/div><style type=\"text\/css\">\n.um-94.um {\n\tmax-width: 450px;\n}<\/style>\n\n","protected":false},"excerpt":{"rendered":"<p>Trevligt att Ni vill bes\u00f6ka och uppleva min hemsida, det \u00e4r mycket uppskattat. Dock m\u00e5ste man vara inloggad f\u00f6r att kunna ta del av dess sp\u00e4nnande inneh\u00e5ll. Anv\u00e4nd de inloggningsuppgifter som Ni f\u00e5tt f\u00f6r att logga in.<\/p>\n","protected":false},"author":1,"featured_media":0,"parent":0,"menu_order":7,"comment_status":"closed","ping_status":"closed","template":"inloggning.php","meta":[],"_links":{"self":[{"href":"http:\/\/partybaren.mynetgear.com\/mattiassvenzon\/index.php?rest_route=\/wp\/v2\/pages\/103"}],"collection":[{"href":"http:\/\/partybaren.mynetgear.com\/mattiassvenzon\/index.php?rest_route=\/wp\/v2\/pages"}],"about":[{"href":"http:\/\/partybaren.mynetgear.com\/mattiassvenzon\/index.php?rest_route=\/wp\/v2\/types\/page"}],"author":[{"embeddable":true,"href":"http:\/\/partybaren.mynetgear.com\/mattiassvenzon\/index.php?rest_route=\/wp\/v2\/users\/1"}],"replies":[{"embeddable":true,"href":"http:\/\/partybaren.mynetgear.com\/mattiassvenzon\/index.php?rest_route=%2Fwp%2Fv2%2Fcomments&post=103"}],"version-history":[{"count":6,"href":"http:\/\/partybaren.mynetgear.com\/mattiassvenzon\/index.php?rest_route=\/wp\/v2\/pages\/103\/revisions"}],"predecessor-version":[{"id":1152,"href":"http:\/\/partybaren.mynetgear.com\/mattiassvenzon\/index.php?rest_route=\/wp\/v2\/pages\/103\/revisions\/1152"}],"wp:attachment":[{"href":"http:\/\/partybaren.mynetgear.com\/mattiassvenzon\/index.php?rest_route=%2Fwp%2Fv2%2Fmedia&parent=103"}],"curies":[{"name":"wp","href":"https:\/\/api.w.org\/{rel}","templated":true}]}}